 = -12*y - 25. Determine g(z).
35
Let w(q) = -12*q**3. Suppose 35*b = 32*b + 45. Let c be 11/(55/b) - (3 + -1). Determine w(c).
-12
Let j(p) be the third derivative of p**5/60 + p**4/12 - p**3/6 + 69*p**2. Let m = 14 + -16. What is j(m)?
-1
Let t(u) = -u - 26. Let x = -4092 + 4069. Determine t(x).
-3
Let h(x) = -6*x + 174. Let w = 10486 - 10457. What is h(w)?
0
Let h(p) = -p**3 - 11*p**2 - 12*p. Let b be h(-10). Let r(q) = 40 + 9*q - b - 28 + q**2. Calculate r(-10).
2
Let c(y) be the first derivative of -3*y**4/4 - 2*y**3 - y**2 + 7*y - 118. Let i(v) = 7*v**3 + 10*v**2 + 5*v - 14. Let g(s) = -5*c(s) - 2*i(s). Give g(-10).
-7
Let k(n) = -31*n + 82. Let p(q) = -21*q + 51. Let h(t) = -5*k(t) + 8*p(t). What is h(3)?
-41
Suppose -2*j = 2*y - 21 + 13, -9 = 3*j - 4*y. Let c(d) = 12*d + 4. Give c(j).
16
Let r(t) = t**3 + 10*t**2 - 11*t + 5. Let n(i) be the third derivative of 5*i**4/8 - i**2. Let z be n(7). Let m = 94 - z. Give r(m).
5
Let a(c) be the third derivative of 3*c**5/20 - 13*c**4/8 + 932*c**2. Determine a(4).
-12
Suppose 4*q - 28 = 4*m, -4*m - 85 = -3*q - 61. Let a(i) = -28*i + 3. Give a(m).
87
Let j(s) = -27*s**2 - 8 - 12*s - 19*s**2 - 28*s**2 + 95*s**2 - 20*s**2. Suppose -4*k + 36 = -4*i, -3*i - 2*i = -4*k + 35. What is j(k)?
-28
Let h = 919 - 915. Let a(s) = s**3 - 3*s**2 - 10*s + 4. What is a(h)?
-20
Let z = 4267 + -4261. Let o(q) = -q - 22. Calculate o(z).
-28
Let q(o) = -o**3 - 25*o**2 - 125*o + 16. Let m be q(-7). Let y(p) = 1 + p + 0*p - 15. Let u be y(m). Let s(c) = c**2 + 4*c - 2. What is s(u)?
3
Let p(o) = -279*o - 12269. Let v be p(-44). Let i = 9 + -20. Let u(x) = 21*x - 9. Let z(c) = -4*c + 2. Let f(d) = i*z(d) - 2*u(d). What is f(v)?
10
Let g(l) = 4*l - 5. Suppose -6*q + 2*w = -2*q + 10, -5*q = 4*w + 6. Let u(d) = -8 + 21*d - 19 + 1. Let p(x) = q*u(x) + 11*g(x). Calculate p(2).
1
Let u(g) = -4*g**2 + 2*g + 2. Let q(i) = -15*i + 329. Let t be q(22). Determine u(t).
-4
Let n(q) = q + 2. Let t = 66 - 66. Suppose 0*d + d + 2 = t, 5*d + 1 = z. Determine n(z).
-7
Let i(k) = 56 + 52 + 51 + 54 - k**2 - 3*k - 207. What is i(-3)?
6
Let t(w) = 4*w**2 - 13*w - 21. Let a be t(-2). Suppose 317*r + a = 314*r. Let y(f) = f**3 + 7*f**2 - 2*f - 10. Calculate y(r).
4
Suppose -2*g + 8 = -2*r - 6, 4*g - 16 = -2*r. Let w(m) = m**3 + 2*m**2 - 2*m - 2. Let p be w(r). Let f(a) = a + p*a + 2 + a + a. What is f(-2)?
-8
Let r(q) = -3 + 8*q**2 + 74*q - 38*q - 7*q**2 - 28*q - 8. Let g(m) = 7*m**3 - m**2. Let s be g(-1). Calculate r(s).
-11
Let z(v) = 2*v**2 - 37*v + 22. Let r(x) = 3*x**2 - 46*x + 20. Let n(w) = -3*r(w) + 4*z(w). Give n(-12).
4
Suppose -162*i = 38*i - 400. Let d(f) = -3*f**2 - 3*f - 4. Let h(u) = 3*u**2 + 4*u + 5. Let w(n) = -5*d(n) - 4*h(n). Determine w(i).
10
Let h(a) = -2*a + 19. Let m be h(8). Suppose 0 = x + r - 4, -m*x = -3*r - 9 - 27. Let k(z) = -z + 16. What is k(x)?
8
Let r = 2421 - 2418. Let t(q) = -7*q + 2. What is t(r)?
-19
Suppose 12*a + 525 = 19*a. Let l be (a/(-50))/((-1)/(-6)). Let o(u) = -u**2 - 12*u - 21. What is o(l)?
6
Let f(l) = l**2 + 47*l - 207. Suppose 147*n + 5457 = 40*n. Give f(n).
-3
Let f(m) = -26*m + 130. Let i be f(5). Let p(j) be the second derivative of -j**3/6 - 6*j**2 - 7*j. Give p(i).
-12
Suppose -25*x - 57 = -732. Let m = x - 38. Let d(b) be the third derivative of b**6/120 + 11*b**5/60 + b**3/2 - 5*b**2. Calculate d(m).
3
Let n(c) = 6*c**3 + 13*c**2 + c + 20. Let g(y) = -y**3 - 2*y**2 - 4. Let i(p) = 11*g(p) + 2*n(p). Calculate i(-3).
-1
Let l(o) = -o - 3. Let t(y) = -y**2 + 41*y - 114. Let c be t(38). Suppose g - 5*v + 3 = -2, c = -2*g + 3*v - 3. What is l(g)?
-3
Let d be (0 + (-2665)/10)*(-5 + 7). Let k = d - -534. Let m(y) = -6*y + 2. What is m(k)?
-4
Let z(y) = -y - 1. Let n = 108 - 140. Let t = -37 - n. Calculate z(t).
4
Let r(v) = v**2 - 4*v - 1. Suppose -7 = -7*c - 0*c. Let g be c + -2 + (7 - 3). Suppose 0 = -5*k - g*q + 5 + 7, -5*q = 2*k - 1. Calculate r(k).
-4
Let o(f) = -f**2 - 5*f - 7. Let r = 288 - -253. Let k = -546 + r. Give o(k).
-7
Let w(i) = -17*i**2 - 32*i - 50. Let s(o) = -10*o**2 - 16*o - 25. Let b(r) = 5*s(r) - 3*w(r). Let y be b(-15). Let k(h) = -h**3 + 11*h**2 - 9*h - 9. Give k(y).
1
Let u(x) = -x + 2. Let h(z) = -z + 3. Let f(k) = -k**3 - 4*k**2 - 2*k. Let c be f(-3). Let g(t) = c*h(t) + 2*u(t). Let s be (-9 - 0)/((-450)/200). Give g(s).
-1
Let o(a) = -40*a + 0 + 31 + 19*a + 22*a + 6. Determine o(-16).
21
Let k(u) be the third derivative of 1/15*u**5 - 5*u**2 + 1/24*u**4 - 1/3*u**3 + 0*u + 0. Let t be k(1). Let o(h) = -3*h**2 + 3*h + 1. Calculate o(t).
-17
Let g(n) = n**2 + 5*n + 4. Let h(m) = 14*m**2 + 3*m - 1. Let x(f) = -f**2 + 10. Let s be x(3). Let y be h(s). Let r = y + -21. Determine g(r).
4
Suppose 35 = 11*b + 13. Suppose -7 + 35 = 3*d - b*i, d - 11 = -i. Let n(j) = j**3 - 10*j**2 + 3. Determine n(d).
3
Let s(n) = -4*n - 64 - 39 - 77 + 123. Calculate s(-24).
39
Let n(k) be the first derivative of -7*k**2/2 + 57*k + 1281. What is n(9)?
-6
Suppose b + 16 + 68 = 4*y, 5*b + 443 = -3*y. Let r = 109 + b. Let s(t) = -25*t + 2 + 47*t - r*t. Calculate s(-8).
-6
Let n be 3 + (-27)/21 - 24/(-84). Let b(i) = i**2 - i**3 + 2 - n*i + 2 - 2. Determine b(2).
-6
Let z(q) = -3*q + 152. Let s(r) = -13*r + 633. Let l(o) = 6*s(o) - 25*z(o). Give l(-5).
13
Let i(c) = 28*c + 228 - c - 7*c - 27*c. Determine i(33).
-3
Let p = -17516 + 17510. Let w(l) = -14*l - 61. Calculate w(p).
23
Let p(g) = -g**2 + 4*g + 1. Let n be (6/8)/(18/(-48)). Let z(u) = -3*u**2 + 14*u + 3. Let f(x) = n*z(x) + 7*p(x). Let d be -2 - (-3 - -2 - -1). Give f(d).
-3
Let q(n) = 5233*n - 115135. Let j be q(22). Let l(m) = -21*m + 14. Let i(y) = -10*y + 7. Let v(t) = 13*i(t) - 6*l(t). Calculate v(j).
43
Let c be (780/468)/(5/6). Let x(a) = 16*a**2 - 13*a + 9. Let p(i) = -11*i**2 + 9*i - 6. Let g(w) = 7*p(w) + 5*x(w). Give g(c).
11
Let l be -14 - (-182)/56*4. Let v(s) = 9*s**3 - s**2 - 2*s - 2. Determine v(l).
-10
Let v(f) = -5*f**3 + 2*f**2 + f. Let x be v(-1). Let r(z) = -107 + 367 - 260 + z - 6*z + z**2. Determine r(x).
6
Let w be (1047 + -1048)*((-6)/(-27) - (56/9 - -1)). Let f(y) be the first derivative of y**4/4 - 7*y**3/3 + y**2 - 7*y - 1. Give f(w).
7
Let w(x) = x**3 + 48*x**2 + 319*x - 9. Suppose 15*j + 10*j + 136 = 8*j. Give w(j).
-1
Let d(u) = u**2 + 6*u + 3. Suppose -36 = 3*l + 3*t, t + 66 - 15 = -4*l. Let h(i) = i**3 + 14*i**2 + 19*i + 73. Let b be h(l). Determine d(b).
-2
Let p(k) = 2*k**2 + 7*k + 3. Let z = -416 - -700. Let t be 24/(-5) - z/(-355). Calculate p(t).
7
Suppose 4*n + 254 = -13*u, 394*n - 392*n + 82 = -4*u. Let o(j) be the second derivative of -j**5/20 - 3*j**4/2 - j**3/6 - 9*j**2 + j. Determine o(u).
0
Suppose 21*m - 42 - 123 = -12*m. Let p(z) = z**3 - 5*z**2 - 6*z + 32. Give p(m).
2
Let g(r) be the first derivative of -r**5/10 + r**4/4 - r**2/2 + 47*r - 29. Let m(z) be the first derivative of g(z). What is m(2)?
-5
Let y(n) = -15*n - 2. Let s(c) = -8*c - 2. Suppose 5*b + 2*d = -31, 3*b + 2*d + 33 = 12. Let t(f) = b*s(f) + 3*y(f). Calculate t(0).
4
Let m be (-2)/(-3) + (-77)/3. Let o be ((-200)/(-2000))/(2/80). Let j be ((-16)/(-18))/o + m/(-9). Let d(y) = y**2 - 2*y - 2. Calculate d(j).
1
Let z(a) = 9*a**3 + a - 1. Let j be 4/26 - 228/(-39). Suppose -12*f - 10 = -7*f. Let t be (-9)/j*f - 2. Calculate z(t).
9
Suppose -4*k + 2*q + q = -81, -q = -2*k + 39. Suppose k*f + 24 = 24*f. Suppose f + 16 = -5*z. Let l(o) = -o**2 - 6*o - 5. Give l(z).
3
Let g = 1 + 0. Suppose 0 = c - 4 - g. Let a(k) = 7*k - 192312 - 192287 + 384600 - 2*k**2. Calculate a(c).
-14
Let h(m) = 93*m - 121. Let o(z) = -43*z + 56. Let p(i) = -6*h(i) - 13*o(i). Determine p(-1).
-3
Let y(f) = 24*f**2 + 19*f + 13. Let g(z) = 13*z**2 + 10*z + 7. Let u(m) = 6*m + 126. Let c be u(-20). Let p(o) = c*y(o) - 11*g(o). Give p(-5).
6
Let z(p) = 5*p**2 - 4*p - 4. Suppose -4*h + 2*l = 8, 4*h - 88 = 5*l - 102. Determine z(h).
5
Let j(w) be the second derivative of 2*w**4/3 - 7*w**3/6 + 5*w**2 + 85*w - 45. Determine j(3).
61
Suppose -b = -0*b. Let d be (2 - 0) + b/12. Let y(r) = r**3 - 3*r**2 + r. Determine y(d).
-2
Suppose -a - 2*a - 10*a = 52. Let z(m) = 3*m**2 - 7*m - 9. Let r(g) = -2*g**2 + 6*g + 8. Let y(t) = -4*r(t) - 3*z(t). Determine y(a).
-9
Let r(w) = w**2 + 7*w + 13. Let m be r(-2). Suppose -5*z + 17 = -m*h, z - 6*z = -h - 19. Let q(k) =